*z, n + 18 = -4*z. Let i(t) = -t**3 - 15*t**2 - 15*t + 5. What is the remainder when 56 is divided by i(n)?
18
Suppose x - 1 = -0*x - 3*q, 0 = 5*x + 2*q - 44. Calculate the remainder when 19 is divided by x.
9
Let i(n) = -n**2 + 10*n - 8. Calculate the remainder when 75 is divided by i(6).
11
What is the remainder when 8/(-2) + 539/11 is divided by 8?
5
Suppose 4*l = -l + 3*j + 126, -78 = -3*l + j. Calculate the remainder when l is divided by 14.
13
Suppose -2*a + 54 = -2*n, 2*a + 3*n = -3 + 32. What is the remainder when 85 is divided by a?
19
Let x be 54/13 + 2/(-13). Let j = x + 0. What is the remainder when 6 is divided by j?
2
Let d(q) = -q**2 + 10*q + 1. Let x be d(10). Suppose m = 3 + x. Calculate the remainder when 11 is divided by m.
3
Let m = 65 + -100. Let d = m + 58. Calculate the remainder when d is divided by 12.
11
Let p(m) = m**2 + 3*m - 2. Let q be p(-4). Let a be 2 + 0 + q/(-2). What is the remainder when (38/8)/(a/4) is divided by 10?
9
Suppose 3*g + 3 = 9, 2*f - 40 = -5*g. Suppose -4*j + 4*w + 80 = 0, -3*w + f = 4*j - 2*j. Calculate the remainder when 29 is divided by j.
14
Suppose -3*j + 5*w + 53 = 0, -4*j - 2*w + 90 = w. What is the remainder when 62 is divided by j?
20
Let s be 6/(-9) - 69/(-9). Suppose -s = -4*t + 133. Suppose 0 = -5*i + t. Calculate the remainder when 12 is divided by i.
5
Suppose -3*d - 98 = -3*l + 10, 0 = -3*l - d + 120. Suppose 0*x + 5*v = x + 20, x + 16 = 4*v. Let n(t) = t + 14. What is the remainder when l is divided by n(x)?
11
Let g(h) = h + 19. Let p = -9 + 0. Calculate the remainder when 29 is divided by g(p).
9
Let a be 6/(-27) + (-292)/(-18). Let o = a + -10. What is the remainder when 21 + 4*3/o is divided by 8?
7
Let z(l) = -l**2 - 9*l - 10. Let m be z(-8). What is the remainder when m/8 - 222/(-24) is divided by 3?
0
Suppose -2*s - 3*l = -47, -s = 4*s - 2*l - 70. What is the remainder when 31 is divided by s?
15
Calculate the remainder when 28 is divided by -3*(-3)/((-36)/(-40)).
8
Let t = 25 - -18. Suppose 5*g = -5*k - 50 + 195, 0 = -2*k + 3*g + t. Let r(i) = i**2 + 6*i + 9. What is the remainder when k is divided by r(-6)?
8
Let f(o) = 2*o**2 + 7*o - 2. Let w be (-18)/4 + 2/(-4). What is the remainder when 50 is divided by f(w)?
11
Calculate the remainder when 11 is divided by 4 - (-3 + 4 + -3).
5
Let k = 3 - -1. Let i be (-2 + 48)*-1*-1. Suppose -g - 51 = -k*v, -1 - i = -4*v + 5*g. What is the remainder when v is divided by 4?
1
Suppose -5*d + d = -20. Let v(j) = 3*j + 5*j**2 + 2*j**3 - 3*j**3 + 0*j + 2 + 0. What is the remainder when v(d) is divided by 6?
5
Suppose -5*n = -2*s + 45, -4*n = -5*s - n + 65. Let g = -8 + 25. What is the remainder when g is divided by s?
7
Suppose 12*z - 85 = 7*z. Calculate the remainder when 47 is divided by z.
13
Let i(p) = -5*p - 18. Calculate the remainder when 58 is divided by i(-6).
10
Suppose -4*b + 197 = 45. Suppose -21*j = -19*j - b. Let h(o) = 10*o**2. Calculate the remainder when j is divided by h(-1).
9
Let f = -6 + 10. Let s(j) = -j + 2. Let m be s(f). Let d(l) = l**3 + 2*l**2 - 2*l - 1. Calculate the remainder when 7 is divided by d(m).
1
Let f be (12/(-10))/((-2)/5). Suppose m + 3*r = -8, f*m = 6*m - 5*r - 46. What is the remainder when 20 is divided by m?
6
Let b(n) = -n - 2. Let a be b(-3). Let k = -1 - a. What is the remainder when 23 is divided by k/13 - 424/(-52)?
7
Let d = 97 - 45. Suppose 4*t + d = -56. What is the remainder when 2/((-6)/t) + 0 is divided by 5?
4
Let b(t) = t - 2. Let x be 115/20 - (-2)/8. Let y = x + -3. Calculate the remainder when 1 is divided by b(y).
0
Suppose -4*x + 6 = m - 3, 2*m = 3*x - 4. Suppose -x + 4 = 2*c. Calculate the remainder when 1 is divided by c.
0
Let u be -1 + -2 - (-5)/1. Suppose -m = -u, -2*m - 11 = -n + 3*m. What is the remainder when n is divided by 6?
3
Let u(r) = -11*r**3 + 2*r + 1. Let y(p) be the second derivative of p**5/4 - p**4/3 + p**3/2 - p**2 + 3*p. What is the remainder when y(2) is divided by u(-1)?
8
Let q be (1/(-1))/((-2)/2). What is the remainder when 47 is divided by (q + 0)/(2/24)?
11
Suppose -2*w + 1 = -3. Let l(r) = -r + 1 + w*r**2 - 5*r + 5. What is the remainder when l(4) is divided by 8?
6
Suppose -3*g - i + 0*i = -88, 3*g + 2*i = 83. Let c(a) be the first derivative of -a**4/4 + 5*a**3/3 - a - 2. Calculate the remainder when g is divided by c(2).
9
What is the remainder when (-8)/(-1) + -4 - -25 is divided by 16?
13
Let k(n) = n**2 + 3*n + 3. Calculate the remainder when 11 is divided by k(-3).
2
Let b(t) = 0*t**2 + 8 - 1 + 5*t**2 - 3*t - 4*t**2. What is the remainder when b(7) is divided by 19?
16
Suppose 3*g - 104 = -3*t - t, 4*t - 104 = -5*g. Let d(l) = l**2 - 2. Calculate the remainder when t is divided by d(-3).
5
Suppose -4*d = -9*q + 4*q + 10, -5*q - 2*d + 10 = 0. Let p be q/(-3)*3 - -2. Suppose 12 = -p*u + 4*u. What is the remainder when 7 is divided by u?
1
Suppose z - 144 = -3*i + 12, -4*z = 12. What is the remainder when 154 is divided by i?
48
Let u(q) = -5*q - 1. Let c be u(-1). Suppose -2 = c*t - 14. What is the remainder when 5 is divided by t?
2
Let n(i) = 50*i**2 + i - 1. Suppose -9 = 2*s - 85. Let z = s + -21. What is the remainder when n(1) is divided by z?
16
Suppose -f = -4*y - 14, -y = -2*f + 4*f - 1. Suppose 0 = -f*g - 0*g + 14. Calculate the remainder when 27 is divided by g.
6
Let g be (-4 - -3)*4 + -1. Let t be (-6)/(((-45)/6)/g). Calculate the remainder when 19 is divided by (-6)/(-4) + (-38)/t.
8
Let a = 6 - 3. Calculate the remainder when -1 + -1 + 1 + 12 is divided by (-1)/a + 19/3.
5
Let w(b) = b**2 + 3*b + 2. Let k be w(-2). Suppose k*j + 2*j = 60. Calculate the remainder when j is divided by 16.
14
Let q = 20 + -4. Calculate the remainder when 62 is divided by q.
14
Suppose -2*a = -i + 9, -4*i = a - 5*i + 5. Let y(o) = -3*o - 7. Calculate the remainder when 16 is divided by y(a).
1
Suppose 10*x - 7*x = 36. What is the remainder when ((-68)/(-10))/(2/10) is divided by x?
10
Let q = 138 - 85. Calculate the remainder when q is divided by 28.
25
Suppose 0 = -f - 0*f + 8. Suppose 0 = 7*a - 3*a - f. Calculate the remainder when a/(-4)*(1 + -39) is divided by 10.
9
Suppose 20 - 3 = o. Suppose 2*q = 4*k - 36, -5*k + 4*q + 42 + 3 = 0. Suppose 5*a + k = -g, 4*a - a = g - 15. Calculate the remainder when o is divided by g.
5
Suppose 5*t - 40 = -5*c, -2*c + 28 = -t - 0*t. Suppose h + 11 - 33 = 0. What is the remainder when h is divided by c?
10
What is the remainder when 48 is divided by 1*5/(-10)*12*-3?
12
Let v(q) = -q**2 + 6*q - 5. Let i be v(4). Suppose 0 = -4*k - 2*p + 124 + 10, -102 = -i*k - 2*p. What is the remainder when k is divided by 1*2/(-4)*-22?
10
Let u(o) = -3*o**2 - 4*o + 1. Let a(p) = -4*p**2 - 4*p. Let v(h) = -4*a(h) + 5*u(h). What is the remainder when 50 is divided by v(6)?
16
Suppose 0*s + 4 = s. Calculate the remainder when 15 is divided by s.
3
Suppose o + 21 = 4*o. What is the remainder when 17 is divided by o?
3
Let y = -2 + 2. Suppose -3*r + 5*x + 0*x + 8 = y, -2 = -2*r + 5*x. What is the remainder when r is divided by 4?
2
Let k(p) = p**3 - 14*p**2 + 2*p - 17. What is the remainder when 21 is divided by k(14)?
10
Suppose 3*j - 5*j + 20 = 0. What is the remainder when 27 is divided by j?
7
Let x = 7 - 4. Let v = -47 - -48. Calculate the remainder when x is divided by v.
0
Let d(n) = n**3 + 13*n**2 - 15*n + 13. Let l be d(-14). Let x = l + 8. What is the remainder when x is divided by 9?
8
Let t(v) = 4*v**3 + v**2 + v + 4. Let h(k) = -3*k**3 - 2*k**2 - 2*k - 3. Let w(s) = 3*h(s) + 2*t(s). What is the remainder when w(-4) is divided by 8?
7
What is the remainder when (-1496)/(-238) - 2*2/14 is divided by 6?
0
Let c(j) = j**3 + 1. Let a be c(-2). What is the remainder when ((-1)/2)/(2/(-108)) is divided by 31/3 - a/(-21)?
7
Let j(h) = -h**2 - 8*h - 9. Let o be j(-6). Suppose -o*x + 4*x = 14. Let s = 44 - 3. What is the remainder when s is divided by x?
13
Let t = 14 - 8. Let d(p) = p**2 + p + 16. Suppose -9*i = -4*i. Calculate the remainder when d(i) is divided by t.
4
Suppose 0*b + 96 = 2*b. What is the remainder when b is divided by 13?
9
Suppose 0*q - 4*q + 648 = 4*b, 3*b - 491 = 2*q. Calculate the remainder when b is divided by 33.
31
Suppose u = 2 + 11. Calculate the remainder when 25 is divided by u.
12
Let z(b) = 